ors of r(t)?
11
Let k be (-5)/(-1 + 2 + -2). Suppose 3*t - 39 = -3*x, k*x = 5*t - 20 + 5. List the prime factors of t.
2
Let x(d) = -d**2 + 4*d + 1. Let h be x(3). Suppose 3*w - 2*q = 18, 0*w - h*q = 4*w - 44. List the prime factors of w.
2
Suppose 4*f - 8 = 0, -5*f - 62 - 42 = -3*w. Suppose -4*s + w = -6. Suppose -g = -s - 2. What are the prime factors of g?
13
Let l(a) = -a**3 - 13*a**2 - 12*a + 4. Let m be l(-12). List the prime factors of m + -5 + 50 - 0.
7
Suppose -4*c = 2*f - 380, -5*c + f + 0*f = -489. List the prime factors of c.
97
Let t(d) = -d**2 + 4*d + 1. Let y be t(-3). Let a = -44 - -8. Let s = y - a. List the prime factors of s.
2
Let x be 12 - 3/(1 + 2). List the prime factors of (x - -2) + 1 + 2.
2
Let b(v) = -6*v. Let l(k) = -3*k**3 - k**2 + 2*k - 1. Let q be l(1). What are the prime factors of b(q)?
2, 3
What are the prime factors of (-9 - -102)/((-3)/(-2))?
2, 31
Let p = -3 - -2. Let a = -5 + 8. Let f = a + p. What are the prime factors of f?
2
Suppose 9*c = 5*c + 280. What are the prime factors of c?
2, 5, 7
Let c(x) = x - 8. Let l be (2/(-6))/((-6)/198). List the prime factors of c(l).
3
Let l = -12 - -135. List the prime factors of l.
3, 41
Let l = 42 + 21. What are the prime factors of l?
3, 7
Let l be 11 - 3*3/9. Let u = l + -6. List the prime factors of u.
2
Let r = 14 + -9. Let h = -6 - -8. Suppose -s = 5*z - 49, -h*z + 7 + 8 = r*s. List the prime factors of z.
2, 5
Suppose -4*t + 13 = l, -2*l = -t + l. Suppose -5*g + 0*g + r = -79, g - 7 = -2*r. Let x = g - t. What are the prime factors of x?
2, 3
Suppose -8*m = -5*m - 129. List the prime factors of m.
43
Let a be ((-7)/2)/(1/2). Let d = 33 + -28. Let r = d - a. List the prime factors of r.
2, 3
Let f = 11 + -7. Let q(k) = k**2 - 7*k - 8. Let s be q(8). Suppose s = -f*u - 0 + 8. List the prime factors of u.
2
Let u = -9 - -14. Suppose 0 = -u*j - 5*t + 15, 0*j + 9 = j - t. Suppose p + 47 = j*p - 4*w, -5*p - 4*w + 63 = 0. List the prime factors of p.
11
Suppose -4 = 5*s + 1, 5*t - 26 = s. What are the prime factors of t?
5
Suppose -2*o - 2*t - 65 = -257, 2 = 2*t. What are the prime factors of o?
5, 19
Suppose -4*y = 4*r + 8, r + 5 = 3*y - 9. Let q(p) = p**2 - 2*p + 1. Let m be q(y). Suppose m*h = 5*c - 29, 5*h - 4*h = -4*c + 40. List the prime factors of c.
3
Let j(p) = 14*p + 7*p + 1 - 5. Let y be j(4). Suppose 4*s + s = y. What are the prime factors of s?
2
Suppose 0 = 4*a - 22 - 34. Let c be (-4)/a + 2/7. List the prime factors of (-3)/((-1)/(c + 1)).
3
Let c be (-2)/(-4) - 10/(-4). Suppose -c*h = 2*h - v - 94, -3*v = 5*h - 98. What are the prime factors of h?
19
Let f = -2 - 0. Let b(p) = -3*p**2. Let m be b(f). Let t = 22 + m. What are the prime factors of t?
2, 5
Suppose -2*z - 3*z = -45. List the prime factors of z.
3
Let x be -5 - -2 - 0/(-3). Let i = 13 - x. What are the prime factors of i?
2
Let c(q) = -q**3 - 2*q. Let a = 0 - 3. Let i = 1 + a. What are the prime factors of c(i)?
2, 3
Suppose 2*y + 52 = 4*y + 5*c, -4*c = -2*y + 70. List the prime factors of y.
31
Let u = 16 - 11. Let j(w) = -w**3 + 5*w**2 + 3*w - 5. Let k be j(u). Suppose 30 = 5*z - 5*d, 2*d - 3*d = -2*z + k. What are the prime factors of z?
2
Let a = 0 - 2. Let v = a + 4. Suppose 5*p - 8 = -4*s, -v*p - 3*p = -4*s + 48. What are the prime factors of s?
7
What are the prime factors of 9/(-6)*742/(-21)?
53
Let p(q) = q**2 + 5*q + 2. List the prime factors of p(-8).
2, 13
What are the prime factors of (2 - 2010/(-21)) + (-4)/(-14)?
2, 7
Let r(q) = q**3 + 7*q**2 + 3*q - 6. What are the prime factors of r(-4)?
2, 3, 5
Suppose -7*c = -3*c. Let r be 0/(1 + c + 0). Suppose 3*t = -2*d - 7 - r, 29 = d - 5*t. What are the prime factors of d?
2
Let c(f) = -f**3 + 4*f**2 - 3*f. Let z = 7 + -4. Let u be c(z). Suppose 2*y - 28 = -2*m, u = -3*m - y - 29 + 81. What are the prime factors of m?
19
Let f(c) = 7*c + 5*c - 1 + 1 - 2. What are the prime factors of f(3)?
2, 17
Let m be (-1)/(-5) + 1/(-5). List the prime factors of -6 + m + 2 + 25.
3, 7
Let m = -12 - -3. What are the prime factors of (-436)/(-18) + 2/m?
2, 3
Let d = 1 + 1. Suppose -d*s = -4*h - 4, 3*h = 4*s - 0*h - 3. Suppose s*w + 2*w = 24. List the prime factors of w.
2, 3
Let m(z) be the second derivative of 0 - 4*z - 1/6*z**3 + 7/2*z**2. What are the prime factors of m(4)?
3
Suppose i - 44 = -4. Suppose 2*q + i = 4*d, 5*d + 7*q - 2*q = 80. List the prime factors of d.
2, 3
Suppose 3*a + 2 - 32 = 0. Let d be 28/5 + a/25. Suppose -18 = -d*t + 3*t. List the prime factors of t.
2, 3
What are the prime factors of 213 + -5*2/(-2)?
2, 109
Suppose -3*i = -5*r, -2*i - 5*r + 33 = 8. Suppose -o = -6*o + z + 137, 0 = -5*o - i*z + 125. What are the prime factors of o?
3
Suppose k + 3*k - g = 36, 3*k - g - 26 = 0. Suppose -h = -6*h - k. List the prime factors of (3 - -7) + 1 + h.
3
Let k be 4/(-18) + 605/9. Let s = k - 47. Suppose 0 = 4*c - 20 - s. List the prime factors of c.
2, 5
Let n = -7 + -1. Let q = 10 + n. List the prime factors of (-3)/q*28/(-3).
2, 7
Let v be (-10)/(-5) + (-1 - 13). List the prime factors of (-2)/v + 116/24.
5
Let p(u) = -u**2 + 2*u - 8. Let q(z) = -2*z**2 + 5*z - 17. Let o(r) = -9*p(r) + 4*q(r). What are the prime factors of o(-3)?
7
Let q(v) = v**2 - 9*v - 1. What are the prime factors of q(13)?
3, 17
Let i be 1/(-4) + (-1481)/(-4). Suppose h = 3*h + 8. List the prime factors of i/45 + h/18.
2
Let l = 3 + -4. What are the prime factors of (-2 - l)/((-4)/24)?
2, 3
Let j(r) = 106*r**2 + 2*r - 1. List the prime factors of j(1).
107
Suppose -p + 2*j = -0*j - 25, -3*p = -3*j - 72. What are the prime factors of p?
23
Suppose -j = -3*g + 1, 3*g = -j + 2 + 15. Let s = j - 7. What are the prime factors of 3*(0 + 2 + s)?
3
Let v(t) = 19*t + 34. What are the prime factors of v(8)?
2, 3, 31
Let k be 61/6 - 2/12. Suppose -k + 2 = -4*y. List the prime factors of y.
2
What are the prime factors of ((5 + 279)/(-4))/(0 - 1)?
71
Let r = -4 - -11. Let h = r - 0. Suppose 4*y = 5*s - 34, -3*s - 4*y + 39 + h = 0. List the prime factors of s.
2, 5
Let g = -1 - -1. Suppose g = k - 5. Suppose -k*r = -83 + 13. List the prime factors of r.
2, 7
Suppose 38 = -0*t + t. Let m = t - 23. List the prime factors of m.
3, 5
Let v(r) = r + 5. Let j be v(-9). Let h = j - -13. List the prime factors of h.
3
Let v(k) = -2 + 3*k + 2*k + k - 5*k. Let w be v(2). List the prime factors of 5*(w + 1)*2.
2, 5
Let d(c) = -c**2 - 14*c + 1. Let w be d(-7). Let n = 74 - w. What are the prime factors of n?
2, 3
Let t(x) = -x + 4. Let r be t(8). Let d be (-14)/r*(0 + 8). Suppose -6*k = -2*k - d. What are the prime factors of k?
7
Let d = -10 + 15. Suppose 5*x + 4*p - 130 = 0, d*x + p = -p + 140. What are the prime factors of x?
2, 3, 5
Suppose 6 = 2*a - 4. What are the prime factors of a?
5
Let a(y) = 6 + y - 2 + 3*y - 5*y. List the prime factors of a(-4).
2
Suppose -3*l + 11 = -4. Suppose 16 + l = 3*p. List the prime factors of p.
7
Let g = -3 - -4. Let q be 2/1 + -1 + g. What are the prime factors of ((-3)/q)/(3/(-4))?
2
Let d be (-2 + 3)*(-3 + 2). Let p = d - -3. What are the prime factors of p?
2
Let k be (-110)/6 + (-7)/(-21). What are the prime factors of (k/(-3))/((-6)/(-33))?
3, 11
Let k = -18 + 15. List the prime factors of -2*58*k/12.
29
Suppose -2*y + t = 6*t - 8, -3*y - 3*t = -30. Suppose -y = 2*k - 0*k. Let a(j) = -2*j - 7. List the prime factors of a(k).
7
Let l(v) = 63*v. Let q be l(1). Let h be q/6*60/(-7). What are the prime factors of h/(-5) + 2 + -2?
2, 3
Suppose -6*c + 2*i - 2 = -c, -3*c - 5 = -5*i. Let z be 3/2*(2 + c). Suppose -z*n + 17 = -l - 2, -2*l = 4*n - 42. What are the prime factors of n?
2
Suppose 5*r - 5*a - 105 = 0, -4*r + 0*r + a + 90 = 0. Let i = r + -33. Let y = i - -19. What are the prime factors of y?
3
Let z(x) = -x**2 - 15*x - 1. List the prime factors of z(-6).
53
Suppose 0 = -5*t + q + 280, t - 2*q = -3*q + 50. List the prime factors of t.
5, 11
Let b(w) = w**3 - 11*w**2 + 18*w + 23. List the prime factors of b(10).
103
Suppose 0 = b - 0*b. Let o be (-1 - 1) + (1 - -3). Suppose 2*v = -b*v + 5*y + 21, -19 = -o*v + 3*y. What are the prime factors of v?
2
Suppose 118 = -2*w + 558. List the prime factors of w.
2, 5, 11
Suppose g - 157 = d, 9*g - 4*d = 4*g + 782. What are the prime factors of g?
2, 7, 11
Suppose -4*k = -2*h + 396, -4*k + 10